{"id":32,"date":"2025-04-15T10:54:29","date_gmt":"2025-04-15T08:54:29","guid":{"rendered":"https:\/\/biwena.io-flow.de\/?page_id=32"},"modified":"2025-08-05T13:13:36","modified_gmt":"2025-08-05T11:13:36","slug":"projekte","status":"publish","type":"page","link":"https:\/\/biwena.de\/index.php\/projekte\/","title":{"rendered":"Projekte"},"content":{"rendered":"\n<p>In F\u00f6rderprojekten haben wir Technologietransfer und Nachhaltigkeit als untrennbare Konzepte etabliert und erfolgreich in die Praxis umgesetzt. Unser Fokus liegt stets darauf, innovative technologische L\u00f6sungen nicht nur zu entwickeln und zu lehren, sondern sie auch so zu gestalten, dass sie unmittelbar und nicht nur langfristig, \u00f6kologische, soziale und letztlich \u00f6konomische Nachhaltigkeit f\u00f6rdern, sodass ein positiver Einfluss auf die Gesellschaft und die Umwelt gelingt.<\/p>\n\n\n\n<p><\/p>\n\n\n\n<h3 class=\"wp-block-heading\">Projekte: <\/h3>\n\n\n\n<div class=\"wp-block-group is-layout-grid wp-container-core-group-is-layout-478b6e6b wp-block-group-is-layout-grid\">\n<figure class=\"wp-block-image size-large\"><a href=\"https:\/\/biwena.de\/index.php\/bildungsoffensive-nachhaltig-bauen\/\"><img loading=\"lazy\" decoding=\"async\" width=\"1024\" height=\"434\" src=\"https:\/\/biwena.de\/wp-content\/uploads\/2025\/04\/BNB_Logo_Text_Ausgeschrieben_schwarz_orange-1024x434.png\" alt=\"\" class=\"wp-image-61\" srcset=\"https:\/\/biwena.de\/wp-content\/uploads\/2025\/04\/BNB_Logo_Text_Ausgeschrieben_schwarz_orange-1024x434.png 1024w, https:\/\/biwena.de\/wp-content\/uploads\/2025\/04\/BNB_Logo_Text_Ausgeschrieben_schwarz_orange-300x127.png 300w, https:\/\/biwena.de\/wp-content\/uploads\/2025\/04\/BNB_Logo_Text_Ausgeschrieben_schwarz_orange-768x325.png 768w, https:\/\/biwena.de\/wp-content\/uploads\/2025\/04\/BNB_Logo_Text_Ausgeschrieben_schwarz_orange-1536x650.png 1536w, https:\/\/biwena.de\/wp-content\/uploads\/2025\/04\/BNB_Logo_Text_Ausgeschrieben_schwarz_orange-2048x867.png 2048w\" sizes=\"auto, (max-width: 1024px) 100vw, 1024px\" \/><\/a><figcaption class=\"wp-element-caption\"><a href=\"https:\/\/biwena.de\/index.php\/bildungsoffensive-nachhaltig-bauen\/\" data-type=\"page\" data-id=\"100\">Bildungsoffensive Nachhaltig Bauen<\/a><\/figcaption><\/figure>\n\n\n\n<figure class=\"wp-block-image size-full\"><a href=\"https:\/\/biwena.de\/index.php\/bauklima-kommunal\/\"><img loading=\"lazy\" decoding=\"async\" width=\"693\" height=\"622\" src=\"https:\/\/biwena.de\/wp-content\/uploads\/2025\/06\/logo-BauKlima_01_FINAL-1.jpg\" alt=\"\" class=\"wp-image-623\" srcset=\"https:\/\/biwena.de\/wp-content\/uploads\/2025\/06\/logo-BauKlima_01_FINAL-1.jpg 693w, https:\/\/biwena.de\/wp-content\/uploads\/2025\/06\/logo-BauKlima_01_FINAL-1-300x269.jpg 300w\" sizes=\"auto, (max-width: 693px) 100vw, 693px\" \/><\/a><figcaption class=\"wp-element-caption\"><a href=\"https:\/\/biwena.de\/index.php\/bauklima-kommunal\/\" data-type=\"page\" data-id=\"150\">BauKlima-Kommunal<\/a><\/figcaption><\/figure>\n\n\n\n<figure class=\"wp-block-image size-full\"><a href=\"https:\/\/biwena.de\/index.php\/fruehere-projekte\/\"><img loading=\"lazy\" decoding=\"async\" width=\"1024\" height=\"1024\" src=\"https:\/\/biwena.de\/wp-content\/uploads\/2025\/06\/ChatGPT-Image-30.-Juni-2025-08_45_51.png\" alt=\"\" class=\"wp-image-625\" srcset=\"https:\/\/biwena.de\/wp-content\/uploads\/2025\/06\/ChatGPT-Image-30.-Juni-2025-08_45_51.png 1024w, https:\/\/biwena.de\/wp-content\/uploads\/2025\/06\/ChatGPT-Image-30.-Juni-2025-08_45_51-300x300.png 300w, https:\/\/biwena.de\/wp-content\/uploads\/2025\/06\/ChatGPT-Image-30.-Juni-2025-08_45_51-150x150.png 150w\" sizes=\"auto, (max-width: 1024px) 100vw, 1024px\" \/><\/a><figcaption class=\"wp-element-caption\"><a href=\"https:\/\/biwena.de\/index.php\/fruehere-projekte\/\" data-type=\"page\" data-id=\"97\">Fr\u00fchere Projekte<\/a><\/figcaption><\/figure>\n<\/div>\n\n\n\n<div style=\"height:474px\" aria-hidden=\"true\" class=\"wp-block-spacer\"><\/div>\n","protected":false},"excerpt":{"rendered":"<p>In F\u00f6rderprojekten haben wir Technologietransfer und Nachhaltigkeit als untrennbare Konzepte etabliert und erfolgreich in die Praxis umgesetzt. Unser Fokus liegt stets darauf, innovative technologische L\u00f6sungen nicht nur zu entwickeln und [&hellip;]<\/p>\n","protected":false},"author":1,"featured_media":0,"parent":0,"menu_order":0,"comment_status":"closed","ping_status":"closed","template":"","meta":{"_EventAllDay":false,"_EventTimezone":"","_EventStartDate":"","_EventEndDate":"","_EventStartDateUTC":"","_EventEndDateUTC":"","_EventShowMap":false,"_EventShowMapLink":false,"_EventURL":"","_EventCost":"","_EventCostDescription":"","_EventCurrencySymbol":"","_EventCurrencyCode":"","_EventCurrencyPosition":"","_EventDateTimeSeparator":"","_EventTimeRangeSeparator":"","_EventOrganizerID":[],"_EventVenueID":[],"_OrganizerEmail":"","_OrganizerPhone":"","_OrganizerWebsite":"","_VenueAddress":"","_VenueCity":"","_VenueCountry":"","_VenueProvince":"","_VenueState":"","_VenueZip":"","_VenuePhone":"","_VenueURL":"","_VenueStateProvince":"","_VenueLat":"","_VenueLng":"","_VenueShowMap":false,"_VenueShowMapLink":false,"_tribe_blocks_recurrence_rules":"","_tribe_blocks_recurrence_description":"","_tribe_blocks_recurrence_exclusions":"","footnotes":""},"class_list":["post-32","page","type-page","status-publish","hentry"],"_links":{"self":[{"href":"https:\/\/biwena.de\/index.php\/wp-json\/wp\/v2\/pages\/32","targetHints":{"allow":["GET"]}}],"collection":[{"href":"https:\/\/biwena.de\/index.php\/wp-json\/wp\/v2\/pages"}],"about":[{"href":"https:\/\/biwena.de\/index.php\/wp-json\/wp\/v2\/types\/page"}],"author":[{"embeddable":true,"href":"https:\/\/biwena.de\/index.php\/wp-json\/wp\/v2\/users\/1"}],"replies":[{"embeddable":true,"href":"https:\/\/biwena.de\/index.php\/wp-json\/wp\/v2\/comments?post=32"}],"version-history":[{"count":6,"href":"https:\/\/biwena.de\/index.php\/wp-json\/wp\/v2\/pages\/32\/revisions"}],"predecessor-version":[{"id":722,"href":"https:\/\/biwena.de\/index.php\/wp-json\/wp\/v2\/pages\/32\/revisions\/722"}],"wp:attachment":[{"href":"https:\/\/biwena.de\/index.php\/wp-json\/wp\/v2\/media?parent=32"}],"curies":[{"name":"wp","href":"https:\/\/api.w.org\/{rel}","templated":true}]}}