{"id":268,"date":"2025-04-30T12:49:36","date_gmt":"2025-04-30T10:49:36","guid":{"rendered":"https:\/\/biwena.io-flow.de\/?page_id=268"},"modified":"2026-02-04T17:18:05","modified_gmt":"2026-02-04T16:18:05","slug":"ausstellung","status":"publish","type":"page","link":"https:\/\/biwena.de\/index.php\/ausstellung\/","title":{"rendered":"Bauwende &#8211; Ausstellung"},"content":{"rendered":"\n<figure class=\"wp-block-image size-full is-resized\"><img loading=\"lazy\" decoding=\"async\" width=\"450\" height=\"160\" src=\"https:\/\/biwena.de\/wp-content\/uploads\/2025\/05\/logo.png\" alt=\"\" class=\"wp-image-484\" style=\"width:454px;height:auto\" srcset=\"https:\/\/biwena.de\/wp-content\/uploads\/2025\/05\/logo.png 450w, https:\/\/biwena.de\/wp-content\/uploads\/2025\/05\/logo-300x107.png 300w\" sizes=\"auto, (max-width: 450px) 100vw, 450px\" \/><\/figure>\n\n\n\n<figure class=\"wp-block-image size-large\"><img loading=\"lazy\" decoding=\"async\" width=\"1024\" height=\"638\" src=\"https:\/\/biwena.de\/wp-content\/uploads\/2025\/05\/IMG_20241115_125755-scaled-e1747124602345-1024x638.jpg\" alt=\"\" class=\"wp-image-411\" srcset=\"https:\/\/biwena.de\/wp-content\/uploads\/2025\/05\/IMG_20241115_125755-scaled-e1747124602345-1024x638.jpg 1024w, https:\/\/biwena.de\/wp-content\/uploads\/2025\/05\/IMG_20241115_125755-scaled-e1747124602345-300x187.jpg 300w, https:\/\/biwena.de\/wp-content\/uploads\/2025\/05\/IMG_20241115_125755-scaled-e1747124602345-768x479.jpg 768w, https:\/\/biwena.de\/wp-content\/uploads\/2025\/05\/IMG_20241115_125755-scaled-e1747124602345-1536x958.jpg 1536w, https:\/\/biwena.de\/wp-content\/uploads\/2025\/05\/IMG_20241115_125755-scaled-e1747124602345-2048x1277.jpg 2048w\" sizes=\"auto, (max-width: 1024px) 100vw, 1024px\" \/><\/figure>\n\n\n\n<p>Auf zwei Etagen erwarten Sie umfassende Informationen zu Neubau und Altbausanierung \u2013 aufbereitet anhand von realisierten Beispielen.<\/p>\n\n\n\n<p>Erleben Sie interaktive und informative Exponate mit allen Sinnen. Hier lernen Sie alles \u00fcber den Lebenszyklus von Baustoffen, standortgerechten und nutzungsangepassten Geb\u00e4udeh\u00fcllen, gesunden Innenausbau und moderne Geb\u00e4udetechnik, die Wirtschaftlichkeit und Umweltschutz in Einklang bringen.<\/p>\n\n\n\n<p>Lassen Sie sich faszinieren und entdecken Sie die M\u00f6glichkeiten des nachhaltigen Bauens.<\/p>\n\n\n\n<figure class=\"wp-block-image size-large\"><img loading=\"lazy\" decoding=\"async\" width=\"1024\" height=\"574\" src=\"https:\/\/biwena.de\/wp-content\/uploads\/2026\/02\/IMG_20251101_153217-1024x574.jpg\" alt=\"\" class=\"wp-image-1346\" srcset=\"https:\/\/biwena.de\/wp-content\/uploads\/2026\/02\/IMG_20251101_153217-1024x574.jpg 1024w, https:\/\/biwena.de\/wp-content\/uploads\/2026\/02\/IMG_20251101_153217-300x168.jpg 300w, https:\/\/biwena.de\/wp-content\/uploads\/2026\/02\/IMG_20251101_153217-768x431.jpg 768w, https:\/\/biwena.de\/wp-content\/uploads\/2026\/02\/IMG_20251101_153217.jpg 1380w\" sizes=\"auto, (max-width: 1024px) 100vw, 1024px\" \/><\/figure>\n\n\n\n<p>Gesamtkonzepte stehen im Mittelpunkt der Ausstellung, denn damit gelingen Altbausanierung oder Neubau, angepasst an die Bed\u00fcrfnisse ihrer k\u00fcnftigen Nutzer, wirtschaftlich, umweltschonend, gesund und \u00e4sthetisch ansprechend.&nbsp;<\/p>\n\n\n\n<figure class=\"wp-block-image size-full\"><img loading=\"lazy\" decoding=\"async\" width=\"752\" height=\"998\" src=\"https:\/\/biwena.de\/wp-content\/uploads\/2026\/02\/IMG_20241115_125641.jpg\" alt=\"\" class=\"wp-image-1345\" srcset=\"https:\/\/biwena.de\/wp-content\/uploads\/2026\/02\/IMG_20241115_125641.jpg 752w, https:\/\/biwena.de\/wp-content\/uploads\/2026\/02\/IMG_20241115_125641-226x300.jpg 226w\" sizes=\"auto, (max-width: 752px) 100vw, 752px\" \/><\/figure>\n\n\n\n<p>Erfahren Sie, warum wir im Kompetenzzentrum Verden besonderen Wert auf den gesamten Lebenszyklus von Baustoffen legen \u2013 und wie bereits die Materialwahl entscheidend zu Umwelt- und Gesundheitsvertr\u00e4glichkeit beitr\u00e4gt.<\/p>\n\n\n\n<div style=\"height:25px\" aria-hidden=\"true\" class=\"wp-block-spacer\"><\/div>\n\n\n\n<h3 class=\"wp-block-heading\"><strong>Individuelle F\u00fchrungen f\u00fcr alle Interessierten zum Thema nachhaltiges und \u00f6kologisches Bauen<\/strong><\/h3>\n\n\n\n<figure class=\"wp-block-image size-large\"><img loading=\"lazy\" decoding=\"async\" width=\"1024\" height=\"683\" src=\"https:\/\/biwena.de\/wp-content\/uploads\/2025\/05\/OMN01662-1024x683.jpg\" alt=\"\" class=\"wp-image-381\" srcset=\"https:\/\/biwena.de\/wp-content\/uploads\/2025\/05\/OMN01662-1024x683.jpg 1024w, https:\/\/biwena.de\/wp-content\/uploads\/2025\/05\/OMN01662-300x200.jpg 300w, https:\/\/biwena.de\/wp-content\/uploads\/2025\/05\/OMN01662-768x512.jpg 768w, https:\/\/biwena.de\/wp-content\/uploads\/2025\/05\/OMN01662-1536x1024.jpg 1536w, https:\/\/biwena.de\/wp-content\/uploads\/2025\/05\/OMN01662.jpg 2048w\" sizes=\"auto, (max-width: 1024px) 100vw, 1024px\" \/><\/figure>\n\n\n\n<p>Wir bieten F\u00fchrungen f\u00fcr verschiedene Zielgruppen an \u2013 darunter private Bauherren, Baugemeinschaften und Interessierte am gemeinschaftlichen Wohnen. Im Mittelpunkt stehen die Themen nachhaltiges und \u00f6kologisches Bauen \u2013 stets unter Ber\u00fccksichtigung der Baugesundheit und wirtschaftlicher Machbarkeit.<br>Ob private Bauherren, Architekt*innen, Bautr\u00e4ger oder \u00f6ffentliche Auftragsgeber*innen: Nutzen Sie unsere Ausstellung und unsere Fachkompetenz im nachhaltigen Bauen f\u00fcr Ihre Planung, Umsetzung oder Weiterbildung.<\/p>\n\n\n\n<figure class=\"wp-block-image size-full\"><img loading=\"lazy\" decoding=\"async\" width=\"864\" height=\"648\" src=\"https:\/\/biwena.de\/wp-content\/uploads\/2025\/11\/041-Fachkraft-2025.jpg\" alt=\"\" class=\"wp-image-916\" srcset=\"https:\/\/biwena.de\/wp-content\/uploads\/2025\/11\/041-Fachkraft-2025.jpg 864w, https:\/\/biwena.de\/wp-content\/uploads\/2025\/11\/041-Fachkraft-2025-300x225.jpg 300w, https:\/\/biwena.de\/wp-content\/uploads\/2025\/11\/041-Fachkraft-2025-768x576.jpg 768w\" sizes=\"auto, (max-width: 864px) 100vw, 864px\" \/><figcaption class=\"wp-element-caption\">Strohballenelementvorfertigung in der Praxishalle<\/figcaption><\/figure>\n\n\n\n<p>Praxisworkshops oder Werkhallenf\u00fchrung in Kombination mit Ausstellungsbesuch und \u00dcbernachtung auf dem Campus nach <a href=\"https:\/\/biwena.de\/index.php\/kontakt\/\" data-type=\"page\" data-id=\"35\">Absprache<\/a> m\u00f6glich!<\/p>\n\n\n\n<div style=\"height:30px\" aria-hidden=\"true\" class=\"wp-block-spacer\"><\/div>\n\n\n\n<blockquote class=\"wp-block-quote is-layout-flow wp-block-quote-is-layout-flow\">\n<p>An Feiertagen geschlossen.<\/p>\n<\/blockquote>\n\n\n\n<p><strong>\u00d6ffnungszeiten:<\/strong><\/p>\n\n\n\n<p>Mittwoch: 12 &#8211; 18 Uhr<br>Freitag: 12 &#8211; 18 Uhr<\/p>\n\n\n\n<p><em>(Einlass Bitte sp\u00e4testens bis eine Stunde vor Feierabend.)<\/em><\/p>\n\n\n\n<div style=\"height:30px\" aria-hidden=\"true\" class=\"wp-block-spacer\"><\/div>\n\n\n\n<p><strong>Kontaktieren Sie uns gerne und vereinbaren Sie eine F\u00fchrung:<\/strong><\/p>\n\n\n<style id=\"wpforms-css-vars-284\">\n\t\t\t\t#wpforms-284 {\n\t\t\t\t\n\t\t\t}\n\t\t\t<\/style><div class=\"wpforms-container wpforms-container-full wpforms-render-modern\" id=\"wpforms-284\"><form id=\"wpforms-form-284\" class=\"wpforms-validate wpforms-form wpforms-ajax-form\" data-formid=\"284\" method=\"post\" enctype=\"multipart\/form-data\" action=\"\/index.php\/wp-json\/wp\/v2\/pages\/268\" data-token=\"ef7120e4315493309290619bb690601d\" data-token-time=\"1775887291\"><noscript class=\"wpforms-error-noscript\">Bitte aktiviere JavaScript in deinem Browser, um dieses Formular fertigzustellen.<\/noscript><div id=\"wpforms-error-noscript\" style=\"display: none;\">Bitte aktiviere JavaScript in deinem Browser, um dieses Formular fertigzustellen.<\/div><div class=\"wpforms-field-container\"><div id=\"wpforms-284-field_3-container\" class=\"wpforms-field wpforms-field-email\" data-field-id=\"3\"><label class=\"wpforms-field-label\" for=\"wpforms-284-field_3\">E-Mail-Adresse <span class=\"wpforms-required-label\" aria-hidden=\"true\">*<\/span><\/label><input type=\"email\" id=\"wpforms-284-field_3\" class=\"wpforms-field-medium wpforms-field-required\" name=\"wpforms[fields][3]\" spellcheck=\"false\" aria-errormessage=\"wpforms-284-field_3-error\" required><\/div><div id=\"wpforms-284-field_1-container\" class=\"wpforms-field wpforms-field-name\" data-field-id=\"1\"><fieldset><legend class=\"wpforms-field-label\">Name der Ansprechperson <span class=\"wpforms-required-label\" aria-hidden=\"true\">*<\/span><\/legend><div class=\"wpforms-field-row wpforms-field-medium\"><div class=\"wpforms-field-row-block wpforms-first wpforms-one-half\"><input type=\"text\" id=\"wpforms-284-field_1\" class=\"wpforms-field-name-first wpforms-field-required\" name=\"wpforms[fields][1][first]\" aria-errormessage=\"wpforms-284-field_1-error\" required><label for=\"wpforms-284-field_1\" class=\"wpforms-field-sublabel after\">Vorname<\/label><\/div><div class=\"wpforms-field-row-block wpforms-one-half\"><input type=\"text\" id=\"wpforms-284-field_1-last\" class=\"wpforms-field-name-last wpforms-field-required\" name=\"wpforms[fields][1][last]\" aria-errormessage=\"wpforms-284-field_1-last-error\" required><label for=\"wpforms-284-field_1-last\" class=\"wpforms-field-sublabel after\">Nachname<\/label><\/div><\/div><\/fieldset><\/div><div id=\"wpforms-284-field_2-container\" class=\"wpforms-field wpforms-field-text\" data-field-id=\"2\"><label class=\"wpforms-field-label\" for=\"wpforms-284-field_2\">Name der Organisation \/ des Unternehmens \/ Betriebs etc. (optional)<\/label><input type=\"text\" id=\"wpforms-284-field_2\" class=\"wpforms-field-medium\" name=\"wpforms[fields][2]\" aria-errormessage=\"wpforms-284-field_2-error\" ><\/div>\t\t<div id=\"wpforms-284-field_4-container\"\n\t\t\tclass=\"wpforms-field wpforms-field-text\"\n\t\t\tdata-field-type=\"text\"\n\t\t\tdata-field-id=\"4\"\n\t\t\t>\n\t\t\t<label class=\"wpforms-field-label\" for=\"wpforms-284-field_4\" >W\u00fcnsche Gew\u00fcnschter (optional)<\/label>\n\t\t\t<input type=\"text\" id=\"wpforms-284-field_4\" class=\"wpforms-field-medium\" name=\"wpforms[fields][4]\" >\n\t\t<\/div>\n\t\t<div id=\"wpforms-284-field_5-container\" class=\"wpforms-field wpforms-field-text\" data-field-id=\"5\"><label class=\"wpforms-field-label\" for=\"wpforms-284-field_5\">Gew\u00fcnschter Termin (optional)<\/label><input type=\"text\" id=\"wpforms-284-field_5\" class=\"wpforms-field-medium\" name=\"wpforms[fields][5]\" aria-errormessage=\"wpforms-284-field_5-error\" ><\/div><div id=\"wpforms-284-field_6-container\" class=\"wpforms-field wpforms-field-textarea\" data-field-id=\"6\"><label class=\"wpforms-field-label\" for=\"wpforms-284-field_6\">Individuelle W\u00fcnsche (optional)<\/label><textarea id=\"wpforms-284-field_6\" class=\"wpforms-field-medium\" name=\"wpforms[fields][6]\" aria-errormessage=\"wpforms-284-field_6-error\" ><\/textarea><\/div><script>\n\t\t\t\t( function() {\n\t\t\t\t\tconst style = document.createElement( 'style' );\n\t\t\t\t\tstyle.appendChild( document.createTextNode( '#wpforms-284-field_4-container { position: absolute !important; overflow: hidden !important; display: inline !important; height: 1px !important; width: 1px !important; z-index: -1000 !important; padding: 0 !important; } #wpforms-284-field_4-container input { visibility: hidden; } #wpforms-conversational-form-page #wpforms-284-field_4-container label { counter-increment: none; }' ) );\n\t\t\t\t\tdocument.head.appendChild( style );\n\t\t\t\t\tdocument.currentScript?.remove();\n\t\t\t\t} )();\n\t\t\t<\/script><\/div><!-- .wpforms-field-container --><div class=\"wpforms-submit-container\" ><input type=\"hidden\" name=\"wpforms[id]\" value=\"284\"><input type=\"hidden\" name=\"page_title\" value=\"\"><input type=\"hidden\" name=\"page_url\" value=\"https:\/\/biwena.de\/index.php\/wp-json\/wp\/v2\/pages\/268\"><input type=\"hidden\" name=\"url_referer\" value=\"\"><button type=\"submit\" name=\"wpforms[submit]\" id=\"wpforms-submit-284\" class=\"wpforms-submit\" data-alt-text=\"Wird gesendet\u00a0\u2026\" data-submit-text=\"Anfragen\" aria-live=\"assertive\" value=\"wpforms-submit\">Anfragen<\/button><img loading=\"lazy\" decoding=\"async\" src=\"https:\/\/biwena.de\/wp-content\/plugins\/wpforms-lite\/assets\/images\/submit-spin.svg\" class=\"wpforms-submit-spinner\" style=\"display: none;\" width=\"26\" height=\"26\" alt=\"Wird geladen\"><\/div><\/form><\/div>  <!-- .wpforms-container -->\n\n\n\n<p><strong>Oder kontaktieren Sie uns telefonisch unter: 04231 960254 51<\/strong><\/p>\n\n\n\n<hr class=\"wp-block-separator alignwide has-alpha-channel-opacity is-style-default\" style=\"margin-top:var(--wp--preset--spacing--30);margin-bottom:var(--wp--preset--spacing--30)\"\/>\n\n\n\n<p>Teilfinanziert von: <\/p>\n\n\n\n<figure class=\"wp-block-image size-full\"><img loading=\"lazy\" decoding=\"async\" width=\"912\" height=\"404\" src=\"https:\/\/biwena.de\/wp-content\/uploads\/2025\/08\/Foerderlogocluster_textgrau.png\" alt=\"\" class=\"wp-image-729\" srcset=\"https:\/\/biwena.de\/wp-content\/uploads\/2025\/08\/Foerderlogocluster_textgrau.png 912w, https:\/\/biwena.de\/wp-content\/uploads\/2025\/08\/Foerderlogocluster_textgrau-300x133.png 300w, https:\/\/biwena.de\/wp-content\/uploads\/2025\/08\/Foerderlogocluster_textgrau-768x340.png 768w\" sizes=\"auto, (max-width: 912px) 100vw, 912px\" \/><\/figure>\n\n\n\n<p><\/p>\n","protected":false},"excerpt":{"rendered":"<p>Auf zwei Etagen erwarten Sie umfassende Informationen zu Neubau und Altbausanierung \u2013 aufbereitet anhand von realisierten Beispielen. Erleben Sie interaktive und informative Exponate mit allen Sinnen. Hier lernen Sie alles [&hellip;]<\/p>\n","protected":false},"author":1,"featured_media":0,"parent":0,"menu_order":0,"comment_status":"closed","ping_status":"closed","template":"","meta":{"_EventAllDay":false,"_EventTimezone":"","_EventStartDate":"","_EventEndDate":"","_EventStartDateUTC":"","_EventEndDateUTC":"","_EventShowMap":false,"_EventShowMapLink":false,"_EventURL":"","_EventCost":"","_EventCostDescription":"","_EventCurrencySymbol":"","_EventCurrencyCode":"","_EventCurrencyPosition":"","_EventDateTimeSeparator":"","_EventTimeRangeSeparator":"","_EventOrganizerID":[],"_EventVenueID":[],"_OrganizerEmail":"","_OrganizerPhone":"","_OrganizerWebsite":"","_VenueAddress":"","_VenueCity":"","_VenueCountry":"","_VenueProvince":"","_VenueState":"","_VenueZip":"","_VenuePhone":"","_VenueURL":"","_VenueStateProvince":"","_VenueLat":"","_VenueLng":"","_VenueShowMap":false,"_VenueShowMapLink":false,"_tribe_blocks_recurrence_rules":"","_tribe_blocks_recurrence_description":"","_tribe_blocks_recurrence_exclusions":"","footnotes":""},"class_list":["post-268","page","type-page","status-publish","hentry"],"_links":{"self":[{"href":"https:\/\/biwena.de\/index.php\/wp-json\/wp\/v2\/pages\/268","targetHints":{"allow":["GET"]}}],"collection":[{"href":"https:\/\/biwena.de\/index.php\/wp-json\/wp\/v2\/pages"}],"about":[{"href":"https:\/\/biwena.de\/index.php\/wp-json\/wp\/v2\/types\/page"}],"author":[{"embeddable":true,"href":"https:\/\/biwena.de\/index.php\/wp-json\/wp\/v2\/users\/1"}],"replies":[{"embeddable":true,"href":"https:\/\/biwena.de\/index.php\/wp-json\/wp\/v2\/comments?post=268"}],"version-history":[{"count":24,"href":"https:\/\/biwena.de\/index.php\/wp-json\/wp\/v2\/pages\/268\/revisions"}],"predecessor-version":[{"id":1350,"href":"https:\/\/biwena.de\/index.php\/wp-json\/wp\/v2\/pages\/268\/revisions\/1350"}],"wp:attachment":[{"href":"https:\/\/biwena.de\/index.php\/wp-json\/wp\/v2\/media?parent=268"}],"curies":[{"name":"wp","href":"https:\/\/api.w.org\/{rel}","templated":true}]}}